
List the prime factors of 2874815.
5, 574963
List the prime factors of 8958517.
8958517
What are the prime factors of 947993?
389, 2437
List the prime factors of 3447194.
2, 23, 137, 547
List the prime factors of 14514470.
2, 5, 239, 6073
List the prime factors of 13093045.
5, 7, 53441
What are the prime factors of 577199?
7, 82457
What are the prime factors of 41696?
2, 1303
What are the prime factors of 13774044?
2, 3, 31, 61, 607
What are the prime factors of 205773?
3, 113, 607
What are the prime factors of 7297078?
2, 3648539
What are the prime factors of 441644?
2, 7, 15773
What are the prime factors of 2514768?
2, 3, 52391
List the prime factors of 6278303.
19, 61, 5417
List the prime factors of 483690.
2, 3, 5, 23, 701
List the prime factors of 812751.
3, 23, 11779
List the prime factors of 555538.
2, 89, 3121
List the prime factors of 204799.
7, 17, 1721
List the prime factors of 18686288.
2, 83, 14071
What are the prime factors of 543699?
3, 13, 1549
List the prime factors of 166298.
2, 11, 7559
What are the prime factors of 629073?
3, 23, 1013
What are the prime factors of 27715503?
3, 29, 318569
List the prime factors of 16654835.
5, 3330967
List the prime factors of 1375776.
2, 3, 17, 281
What are the prime factors of 58546?
2, 73, 401
What are the prime factors of 3611218?
2, 13, 138893
What are the prime factors of 332586?
2, 3, 2053
List the prime factors of 12404301.
3, 7, 13, 6491
List the prime factors of 195429.
3, 13, 5011
What are the prime factors of 711236?
2, 269, 661
List the prime factors of 1427158.
2, 541, 1319
List the prime factors of 3007067.
7, 429581
What are the prime factors of 4200717?
3, 17, 31, 2657
List the prime factors of 211669.
23, 9203
List the prime factors of 9170159.
929, 9871
What are the prime factors of 89325?
3, 5, 397
List the prime factors of 1155494.
2, 31, 18637
What are the prime factors of 448646?
2, 11, 20393
List the prime factors of 361867.
11, 67, 491
List the prime factors of 2391560.
2, 5, 17, 3517
What are the prime factors of 3191576?
2, 223, 1789
List the prime factors of 8101955.
5, 1620391
What are the prime factors of 22940214?
2, 3, 11, 347579
What are the prime factors of 4512328?
2, 564041
What are the prime factors of 249660?
2, 3, 5, 19, 73
What are the prime factors of 1428908?
2, 13, 27479
List the prime factors of 13185303.
3, 191, 23011
What are the prime factors of 856723?
7, 122389
List the prime factors of 1216290.
2, 3, 5, 40543
What are the prime factors of 733764?
2, 3, 47, 1301
List the prime factors of 1612062.
2, 3, 31, 107
List the prime factors of 3225751.
47, 68633
What are the prime factors of 3465322?
2, 7, 127, 1949
List the prime factors of 179762.
2, 11, 8171
What are the prime factors of 1368559?
197, 6947
What are the prime factors of 277648?
2, 7, 37, 67
What are the prime factors of 5102550?
2, 3, 5, 17, 23, 29
What are the prime factors of 17873232?
2, 3, 13, 28643
List the prime factors of 544851.
3, 60539
List the prime factors of 5519933.
5519933
What are the prime factors of 369117?
3, 7, 31
List the prime factors of 143011.
11, 13001
What are the prime factors of 438725?
5, 7, 23, 109
What are the prime factors of 10358751?
3, 13, 151, 1759
What are the prime factors of 280765?
5, 233, 241
List the prime factors of 1320013.
463, 2851
What are the prime factors of 468824?
2, 58603
List the prime factors of 283106.
2, 353, 401
List the prime factors of 314782.
2, 13, 12107
List the prime factors of 1556538.
2, 3, 59, 4397
List the prime factors of 3633788.
2, 19, 137, 349
What are the prime factors of 13150626?
2, 3, 67, 32713
List the prime factors of 338902.
2, 239, 709
List the prime factors of 505757.
7, 72251
What are the prime factors of 1459858?
2, 17, 42937
List the prime factors of 681748.
2, 41, 4157
List the prime factors of 1103866.
2, 551933
What are the prime factors of 5851838?
2, 2925919
What are the prime factors of 8068544?
2, 11, 73, 157
What are the prime factors of 10799193?
3, 1559, 2309
List the prime factors of 408574.
2, 281, 727
What are the prime factors of 1934702?
2, 7, 11, 17, 739
What are the prime factors of 17011012?
2, 4252753
List the prime factors of 2016795.
3, 5, 11, 17, 719
List the prime factors of 7528405.
5, 1505681
What are the prime factors of 16783634?
2, 7, 29, 67, 617
What are the prime factors of 671107?
113, 5939
List the prime factors of 4259100.
2, 3, 5, 14197
List the prime factors of 882543.
3, 294181
List the prime factors of 448475.
5, 17939
What are the prime factors of 2875570?
2, 5, 287557
List the prime factors of 2711806.
2, 17, 47, 1697
List the prime factors of 715558.
2, 357779
What are the prime factors of 449487?
3, 49943
List the prime factors of 25613481.
3, 283, 30169
List the prime factors of 736325.
5, 29453
List the prime factors of 4964896.
2, 155153
List the prime factors of 94020.
2, 3, 5, 1567
List the prime factors of 263178.
2, 3, 14621
List the prime factors of 684929.
7, 97847
What are the prime factors of 1897077?
3, 7, 13, 6949
What are the prime factors of 213129?
3, 7, 17, 199
List the prime factors of 88086.
2, 3, 53, 277
List the prime factors of 3883951.
3883951
What are the prime factors of 221104?
2, 13, 1063
What are the prime factors of 814493?
814493
What are the prime factors of 897113?
7, 128159
List the prime factors of 123506.
2, 37, 1669
What are the prime factors of 1187513?
23, 51631
List the prime factors of 2348486.
2, 7, 271, 619
List the prime factors of 3386282.
2, 977, 1733
List the prime factors of 203360.
2, 5, 31, 41
List the prime factors of 2139240.
2, 3, 5, 17827
List the prime factors of 328254.
2, 3, 54709
What are the prime factors of 10893929?
61, 271, 659
What are the prime factors of 233969?
233969
What are the prime factors of 989025?
3, 5, 13187
What are the prime factors of 433722?
2, 3, 72287
List the prime factors of 3945940.
2, 5, 197297
What are the prime factors of 986588?
2, 157, 1571
What are the prime factors of 69208?
2, 41, 211
List the prime factors of 517045.
5, 103409
What are the prime factors of 248914?
2, 17, 7321
List the prime factors of 170784.
2, 3, 593
List the prime factors of 35290302.
2, 3, 5881717
List the prime factors of 7343519.
19, 386501
What are the prime factors of 154232?
2, 13, 1483
List the prime factors of 3956840.
2, 5, 31, 3191
List the prime factors of 14739.
3, 17
List the prime factors of 1737850.
2, 5, 34757
What are the prime factors of 228348?
2, 3, 6343
List the prime factors of 102623.
41, 2503
List the prime factors of 5846975.
5, 233879
List the prime factors of 1272698.
2, 7, 90907
What are the prime factors of 103771?
41, 2531
List the prime factors of 142723.
7, 20389
List the prime factors of 190495.
5, 31, 1229
List the prime factors of 242762.
2, 13, 9337
What are the prime factors of 11670929?
11670929
List the prime factors of 6912546.
2, 3, 1152091
What are the prime factors of 12048477?
3, 7, 573737
List the prime factors of 15856.
2, 991
What are the prime factors of 2118851?
7, 109, 2777
What are the prime factors of 438484?
2, 109621
What are the prime factors of 25253?
25253
What are the prime factors of 1340896?
2, 41903
List the prime factors of 13318.
2, 6659
List the prime factors of 244639.
244639
List the prime factors of 619132.
2, 31, 4993
What are the prime factors of 688677?
3, 11, 41, 509
List the prime factors of 870682.
2, 419, 1039
What are the prime factors of 672424?
2, 84053
What are the prime factors of 370555?
5, 37, 2003
List the prime factors of 2305815.
3, 5, 347, 443
What are the prime factors of 177045?
3, 5, 11, 29, 37
List the prime factors of 1384241.
1384241
What are the prime factors of 4295450?
2, 5, 85909
List the prime factors of 101175.
3, 5, 19, 71
List the prime factors of 2926004.
2, 731501
What are the prime factors of 3185479?
11, 289589
List the prime factors of 5238698.
2, 613, 4273
What are the prime factors of 45515?
5, 9103
List the prime factors of 3324281.
1049, 3169
List the prime factors of 4694339.
13, 193, 1871
List the prime factors of 1064577.
3, 233, 1523
What are the prime factors of 275390?
2, 5, 27539
List the prime factors of 96591.
3, 11, 2927
What are the prime factors of 167804?
2, 7, 13, 461
What ar